of o and y?
8
Suppose -48 = -5*h - 18. Suppose -7*y + 3*y = 44. Let b = 26 + y. What is the greatest common divisor of h and b?
3
Suppose h = 5 + 6. Let w = 15 - h. Suppose -4*r - k = -11, 0 = -4*r - 0*k + 5*k + 41. What is the greatest common factor of r and w?
4
Let v be 10/6*18/15. Suppose 3*m - m = 0. Suppose l - v + m = 0. What is the greatest common factor of 6 and l?
2
Let p(u) = u**2 - 35*u + 12. Let t be p(35). Suppose b + b - 6 = 0. What is the highest common divisor of b and t?
3
Let w be (-8 - -2)/((-9)/(-6)). Let g be 10/8*(w + 0). Let a = g + 12. Calculate the highest common factor of a and 1.
1
Let x be (33/4)/(7/28). Calculate the greatest common divisor of x and 22.
11
Let s(v) = -v**3 - 5*v**2 - 5*v + 3. Let j be s(-5). Let p = j + -19. Suppose p*x = 4*x + 80. What is the highest common divisor of x and 40?
8
Let t be -1 + -8 + (6 - 3). Let q be (-44)/t*15/10. Calculate the greatest common factor of 33 and q.
11
Let x(r) = r - 4 + 12 + 7. Let i(o) = -2*o - 23. Let b(p) = 5*i(p) + 8*x(p). Let a be b(-6). What is the highest common factor of 119 and a?
17
Let n be (-27 - -8)/(2/(-18)). Calculate the highest common divisor of 19 and n.
19
Let a(c) = 9*c - 13. Let h be a(13). What is the greatest common divisor of 13 and h?
13
Suppose 3*o - 266 = o. Let j = o + -85. Suppose -13*w + 343 - 265 = 0. Calculate the highest common factor of j and w.
6
Suppose 2*o + o + 16 = 4*f, -2*o = 3*f + 5. Let b = o - -7. Suppose -b*p = p - 128. What is the greatest common factor of p and 8?
8
Let q be (-3)/(-4 + (-237)/(-60)). Calculate the greatest common factor of 20 and q.
20
Suppose -5*l + 389 = -4*z, -5*l + 400 = 3*z + 18. Calculate the highest common factor of l and 7.
7
Let b(x) = 4*x + 1. Let z be b(1). Suppose -9*r + 10 = -8*r. What is the highest common divisor of r and z?
5
Let c be 14/4 - (-2)/(-4). Suppose c*z = -2*z + 10. What is the highest common factor of 14 and z?
2
Suppose 1 - 3 = -2*t. What is the greatest common divisor of 11 and t?
1
Suppose 2*u + 4*z = -3*u + 36, -u = -z. What is the greatest common factor of u and 10?
2
Let c = -9 - -20. Suppose -c = -l - u, 2*u + 36 + 7 = 3*l. Calculate the highest common divisor of l and 26.
13
Let r(n) = n**3 + 8*n**2 - 10*n + 9. Let x be r(-9). What is the greatest common factor of x and 18?
18
Let v(f) = -3*f - 26. Let l be v(-12). Suppose 13 = w + 2*q - 5*q, 3*q + 5 = -w. Calculate the greatest common divisor of w and l.
2
Let u(m) = m**3 + 7*m**2 + 4*m - 4. Let b be u(-4). Suppose b = l + 7. What is the greatest common factor of 7 and l?
7
Suppose 0 = 4*l - 0 - 16. Let v = l + 1. Suppose -136 = 3*a - v*a - 4*t, 0 = -a + 3*t + 58. Calculate the highest common divisor of a and 16.
16
Suppose 5*d = k + 1205, 0 = 3*d - 0*k + 3*k - 741. Let m = 99 + -77. Calculate the highest common factor of d and m.
22
Let u(w) = -10*w**3 + 2*w**2 - 1. Let r be u(1). Let b = -4 - r. Suppose -t + 97 = 3*x - 67, -2*x + 105 = 5*t. What is the greatest common divisor of b and x?
5
Suppose -5*s + 17 + 8 = 0, 0 = 5*a - s - 5. Calculate the highest common factor of 18 and a.
2
Let r = -273 + 416. Let f be 4/((-4)/(-21)) - 2. Let t = f - 6. What is the greatest common factor of r and t?
13
Let t(n) = -2*n**3 - 2*n**2 - 3*n + 4. Let q be t(-3). Let h be q/4 - (-3)/(-12). What is the greatest common factor of h and 108?
12
Let f(y) = 11*y**2. Let x be 27/12 + 4/(-16). Let a be f(x). Suppose -3*w = -4*o - 28, 2*o = -2*w - 0*o. Calculate the greatest common factor of a and w.
4
Suppose 0 = -3*f - 5*u + 21, 0*u = 4*f + u - 45. Calculate the greatest common divisor of f and 18.
6
Let f = -51 - -73. Suppose -2*a + 275 = 3*a. Calculate the highest common divisor of f and a.
11
Let m = -369 - -574. What is the highest common divisor of m and 41?
41
Let c(a) = -7*a**3 - 3*a**2 + 4*a + 3. Let z be c(-3). Suppose -6*p - 114 = -216. Calculate the greatest common factor of p and z.
17
Let f(q) = -7*q + 20. Let j be f(0). Calculate the highest common factor of j and 30.
10
Suppose -3*o + 7 = 1. Suppose -3*q = 3*z - o*z + 13, z - q - 7 = 0. Calculate the greatest common divisor of z and 14.
2
Suppose -3*k + 29 = -10. What is the highest common divisor of k and 143?
13
Let k(o) = 3*o - 6. Let y be k(4). Calculate the highest common divisor of y and 18.
6
Let p(z) = -z**2 - 5*z + 1. Let d be p(-8). Let t = 40 + d. Suppose -19 + 53 = h. Calculate the greatest common factor of t and h.
17
Suppose -5*v - 3*t + 135 = 0, 2*t = -4*v - 0*t + 110. Calculate the greatest common divisor of v and 6.
6
Suppose -28 = -3*i + 2*m, 2*m - 3*m + 25 = 5*i. What is the greatest common factor of i and 54?
6
Let v = 12 + -7. Let o = -33 - -23. Let n be (24/o)/((-15)/250). Calculate the greatest common divisor of n and v.
5
Suppose k - 67 = -1. Suppose 4*r - k = 6. Suppose -3*a + 7 = -20. Calculate the greatest common divisor of r and a.
9
Let a = -97 - -66. Let u = a - -79. What is the greatest common factor of u and 120?
24
Let x be 3 + -6 - (-5 - -2). Suppose x = 3*f - 0*f - 21. Calculate the highest common factor of f and 70.
7
Suppose -5*q + 3*q = -8, 3*g = -2*q + 20. Let h be 2/(-4)*(-1 + 1). Suppose h = -4*n + 24 + 104. What is the greatest common factor of n and g?
4
Let b be 2 + (60/2 - (10 + -10)). Calculate the greatest common factor of 16 and b.
16
Suppose 242 + 38 = 4*n. Calculate the highest common factor of 10 and n.
10
Suppose -2*i + 0*s + 2*s + 18 = 0, 5*s = 3*i - 37. Let f be i/(-1 + 3) - -1. Let p be 515/35 + (-4)/(-14). Calculate the highest common factor of f and p.
3
Suppose -180 = -3*j + 84. Calculate the highest common divisor of 8 and j.
8
Suppose -6*q + 3*q = 0. Let z be (-2)/(q + 6/(-9)). Suppose z*t = 4*u - 387, -u - t + 5*t = -87. What is the highest common factor of 11 and u?
11
Suppose 4*q + 4*p - 296 = 0, -3*q + 204 = -5*p - 50. Let f be 0 - 1 - q/(-6). Suppose -50 = 5*j - 290. What is the greatest common factor of j and f?
12
Let m = -16 + 38. Suppose 0*y - 4*y - 2*k + m = 0, 3*k - 9 = 0. What is the highest common factor of 44 and y?
4
Suppose -3*q = 12, q + 36 = 2*x - q. Let m(h) = 25*h**2 - 7*h**2 - 3 + 1. Let p be m(-2). Calculate the greatest common divisor of p and x.
14
Let k(w) = w**2 + 9*w + 9. Let i be k(-8). Suppose y + 4 = -i. Let x be (-112)/(-20) + (-2)/y. What is the greatest common divisor of x and 6?
6
Suppose -4*f + 9*f = 50. Suppose -6*o + 39 = 15. Calculate the greatest common factor of f and o.
2
Suppose z - 5*z = -164. Let y = 31 + z. What is the greatest common factor of y and 18?
18
Suppose 0 = -m + 3 + 2. Calculate the highest common factor of m and 40.
5
Suppose 5*k - 3*r = 0, -k - 5 = 4*k - 4*r. Suppose 4*x = 23 + 17. Let l be x/4*6*1. What is the greatest common factor of k and l?
3
Let t(j) = -6*j**3 - 2*j**2 + 2*j. Let n be t(-2). Suppose 3*o - 2*p = 26, -4*p + p = -4*o + 33. What is the highest common factor of n and o?
12
Let u(b) be the second derivative of -13*b**3/6 + b**2/2 + 2*b. Let y be u(-8). What is the highest common divisor of 42 and y?
21
Suppose 0*a = -2*a. Let f = a - -36. Let w = -1 - -5. Calculate the highest common divisor of w and f.
4
Let p(g) = 31*g - 1. Let v be p(1). Let q be (v/2)/(1 + 0). Suppose -5*h + 159 = 3*k, 3*h + h = 4*k + 108. What is the greatest common factor of h and q?
15
Let v be 8/(-20) - 47/(-5) - 3. Calculate the greatest common factor of v and 3.
3
Suppose -7*d - 38 = -108. Calculate the greatest common divisor of d and 10.
10
Let z be (-24)/30 + (-4)/(-5). Suppose j = -z*y - y + 125, -2*j - 5*y = -235. Calculate the greatest common factor of j and 13.
13
Let r(u) = -u**3 + 7*u**2 - u - 2. Let l be r(6). Let b(w) = -w**3 - 10*w**2 - w + 4. Let q be b(-10). What is the highest common divisor of l and q?
14
Suppose c + 60 = 4*c. Suppose 4*m - 8 = 72. What is the highest common factor of m and c?
20
Let l = 11 - 6. Suppose 0 = -b + l*b - 28. Let n = -2 + b. Calculate the highest common factor of n and 15.
5
Let p(l) = l**3 + l**2 + l - 1. Let z be p(1). Suppose -t = -5*s + 225, 3*t = 4*s + z*t - 180. What is the highest common factor of 9 and s?
9
Let i be ((-1)/1)/(1/(-10)). What is the highest common divisor of i and 30?
10
Let i be (-406)/(-126) - 4/18. Let r be (2 - 3) + i - -6. What is the greatest common factor of 40 and r?
8
Suppose -o =